ber?
True
Let i = 207273 + -137426. Is i a composite number?
False
Suppose -279281 = -4*v + 3*s, 11*s = v + 15*s - 69825. Is v a prime number?
True
Suppose -375 + 109 = -7*w. Suppose 0 = -31*l + w*l - 54719. Is l composite?
False
Let u be (-6)/2 + (-111 + 11)/(-4). Let m(d) = -52*d**2 + 3. Let b be m(3). Is u + -19 - (b + 1) prime?
True
Let b be ((-4)/6)/((-2)/363). Let z = -623 + 555. Let o = b + z. Is o a composite number?
False
Let o(m) = m**3 - m**2 - m - 19. Let z be o(4). Let n(w) = 7*w**2 - 23*w - 207. Is n(z) a prime number?
True
Suppose -5*k = 2*l + 7, 2*l - k + 22 = -3*k. Let n = l + -39. Let c = n + 536. Is c a composite number?
True
Suppose 639970 = -2781*y + 2791*y. Is y a composite number?
False
Let a = -262415 + 491656. Is a a composite number?
True
Let x(k) = k**3 - 34*k + 4. Let b be x(6). Let o(z) = z**3 + 18*z**2 + 27*z - 42. Is o(b) composite?
True
Let l(w) = 161*w**2 + w + 1. Let o be 5/(-7) - -4*1/(-14). Let n be l(o). Let d = 62 + n. Is d prime?
True
Let d be (-713031)/(-39) + (-8)/(-52). Let p be (-2 - d/(-4))*4. Suppose -7579 + p = 8*s. Is s composite?
True
Suppose 665*r - 28 = 669*r, -r = 2*z - 96991. Is z a composite number?
True
Let w(s) = 20250*s - 1054. Is w(20) a prime number?
False
Suppose -64*o = s - 66*o - 6887, 6887 = s + 5*o. Is (s/(-485))/(2/(-110)) a prime number?
False
Suppose -14*k + 4*f = -13*k - 24582, 4*f + 28 = 0. Is k a prime number?
False
Suppose -4*l + 5*b = -15 - 22, 0 = 2*l - b - 11. Let i be (l + 27/(-6))/((-2)/(-4)). Let z(g) = 13*g**2 + 3*g + 1. Is z(i) a prime number?
True
Let d(a) = 12*a**2 - 133*a - 936. Is d(-31) prime?
False
Suppose 84 = 5*s - 4*j - 46, 140 = 5*s - 2*j. Let k = s - 29. Is k/(2/(-332)*-2) a prime number?
True
Suppose 0 = -z - 2*a - 3308, 0*z - z = 3*a + 3304. Let m = -861 - z. Is m composite?
True
Suppose -35866583 = -288*w - 2404151. Is w prime?
True
Suppose 3*s - 33 - 95 = 4*n, 2*n - 116 = -3*s. Let z = 40 - s. Suppose z*a - 4*a = -1412. Is a composite?
False
Suppose -376*x = -i - 378*x - 18, -i - x - 17 = 0. Let b(h) = h**3 + 7*h**2 + 9*h. Let c be b(-6). Is i/(-72) - 8654/c prime?
False
Suppose 3*x - 4*a - 59045 - 38126 = 0, -5*x + 5*a = -161955. Is x a composite number?
True
Suppose 73*b - 69*b = 12, 2*w + 2*b - 9572 = 0. Is w composite?
False
Let c be (21/6)/((-21)/(-6) - 3). Suppose -c*z + 8310 = -z. Is z a prime number?
False
Suppose -5*m - 102 = -37. Let u(g) = 6*g**2 + 8*g + 11. Is u(m) a prime number?
False
Suppose -2*p = 81 - 973. Let m be (91 + -99)*2/(-4). Suppose 2*r - m*j - 1702 = 0, r - 408 = -j + p. Is r composite?
False
Is (-2 - -12 - -421448) + 5 a prime number?
False
Is ((-69164)/18)/(5*(-8)/180) composite?
False
Let u = 381207 - 40090. Is u prime?
False
Suppose 4*f + 2722646 = 5*b, -5*b - 5*f = -525242 - 2197458. Is b prime?
False
Let y = 112 + -84. Suppose 0 = -2*t - 10, 7*o + 5*t = 6*o - y. Is (-415)/o + (-6)/(-9) prime?
True
Let c(q) be the third derivative of -q**4 + 13*q**3/6 + 12*q**2. Let k be c(-3). Suppose -b + 15 = 3*p - k, 0 = -4*b - 4*p + 376. Is b a composite number?
True
Let l be 1 - 0 - 3 - (-2)/1. Suppose 4*y - 33 = -3*a + 1, 2*a - 3*y = l. Suppose -5976 = -2*m - a*i + 2*i, 14915 = 5*m + 5*i. Is m prime?
False
Let b(p) = 83 + 513*p - 875*p + 3171*p - 21. Is b(5) composite?
False
Let d(z) = 2*z**2 + 9*z + 6. Let n be d(-7). Let y = -43 + n. Let f(q) = -272*q - 3. Is f(y) prime?
True
Suppose 109882815 - 15264249 = 288*a - 113175450. Is a composite?
True
Suppose -23*k + 19*k - 16 = 0, -2*k - 76 = -4*m. Let d(v) be the third derivative of 625*v**4/24 - 11*v**3 - v**2. Is d(m) composite?
False
Let c = 255 + -150. Is 2/(-3)*c/(-70) - -1086 composite?
False
Is 18078/(-184)*(-2536)/6 a composite number?
True
Is 18/252 - 690248/(-112) composite?
False
Suppose -23 = -11*b - 1. Suppose p + 3*m + m - 1769 = 0, 0 = -b*m + 4. Let h = 3198 - p. Is h composite?
True
Let w = 292 - 341. Is (w/147)/((-2)/42258) prime?
True
Let j be (-3)/5 - 477/(-45). Suppose -31 = -3*g - j. Suppose 2*z = -3*s + 416, g*z - 2*z - 1047 = -4*s. Is z prime?
True
Let q(c) = 13*c**3 + 3*c**2 + 5*c + 8. Let x = -251 - -256. Is q(x) prime?
True
Let f = -103 - -62. Let t = -41 - f. Suppose -l + t*l = -221. Is l prime?
False
Let w = -204 + 348. Let n = w - -967. Is n a prime number?
False
Let a(q) = 5*q**2 + 47*q + 12. Let f be a(-9). Is (-12)/(-9)*1 + (-12874)/f composite?
True
Let m = -702427 + 1501770. Is m prime?
True
Let s(w) = -w**3 + 4*w**2. Let z be s(4). Suppose -x + 307 = -z*x. Is x a composite number?
False
Suppose 1 = -11*s + 34. Suppose -s*v + v = v. Let q(y) = -y**3 + y**2 - 6*y + 691. Is q(v) a prime number?
True
Let l be (-3 - -1)*1/2 - -4. Suppose -4 = l*f + 2, f + 2 = 2*v. Let t(a) = a**3 + 3527. Is t(v) composite?
False
Let f = 226 - 247. Is ((-67)/4)/(f/420) a composite number?
True
Let q(j) = 21*j + 34. Let i be q(-3). Is (-879)/(-6)*(-23 - i) a prime number?
False
Is 1/((-12)/8)*12 - (-570801 - -10) a prime number?
False
Suppose 2*m + 272 = -2*m + 4*r, -4*m + r = 284. Let h = -71 - m. Is (4 - 1) + (h - -175) a prime number?
True
Suppose 1468253 + 4445858 = 133*s. Is s prime?
False
Suppose 1015*w - 1033*w = -16284978. Is w a prime number?
True
Suppose 0 = -2*j - 32 + 8. Let h = j - 332. Is 45/(-6)*h/12 prime?
False
Let v = -1109958 + 1724567. Is v composite?
False
Suppose -57*c + 7*c + 2380078 = 625128. Is c a composite number?
False
Suppose -4*l - 167 = -187. Suppose 2*m + 13951 = -l*m. Let q = -1326 - m. Is q composite?
True
Let i be (4/(-5))/(18/495). Is 3 - (-31)/(-11) - 1294/i prime?
True
Let k(f) be the second derivative of 229*f**3/6 - 13*f**2/2 + 18*f. Let h = 32 + -26. Is k(h) composite?
False
Suppose -5*q + 5*f = -85, -5*q + 39 + 58 = -2*f. Suppose -q*s + 334241 = 59078. Is s a prime number?
True
Is 35683 - (2 + 9 + 1) composite?
False
Is ((-6740440)/(-646) - 2/17) + 1/(-1) prime?
True
Let p be 0 - 3/(-2)*-6. Let z(q) = -q - 6. Let c be z(p). Suppose -4*b - 10 = -6*b, -o = c*b - 496. Is o composite?
True
Let z be ((-4)/5)/((-16)/80). Suppose -4 = -z*j, 4*f + 3274 = 5*f - j. Suppose -f - 2760 = -5*x. Is x composite?
True
Suppose 0 = 10*w - 6*w - 4*u - 54400, -5*w - 4*u = -67919. Is w a composite number?
False
Let c(v) = 5*v + v**2 + 33*v - 7*v + 17. Is c(23) composite?
False
Let p = -2178574 - -4015401. Is p prime?
True
Let u(s) = 3*s**3 - 2*s**2 + 6*s - 4. Let o be u(1). Suppose 3*l = 4*d + 160 + 1077, -1209 = -3*l - o*d. Is l composite?
True
Let c(l) = l + 12. Let g be c(-6). Suppose g*i - 334 = 4*i. Suppose -y - j + 6*j = -i, -4*y - 2*j = -756. Is y a composite number?
True
Let m be 7*(5 - (-99)/(-21)). Suppose r - 5*u - 17 + 42 = 0, -4*r = m*u - 10. Suppose -9*v + 10*v - 1381 = r. Is v prime?
True
Let t = -160 + 156. Let h = 96238 + 396637. Is (t/(-10))/(50/h) a prime number?
True
Let r = -1380 + 2264. Let g = 2777 - r. Is g prime?
False
Let k = 92 + -91. Is 14/(-56)*(-26547 - k) prime?
True
Let g = 20864 + -13446. Is g a prime number?
False
Suppose 2*d = 8, 0*x + 3 = -x + 2*d. Suppose -4*p = 5*h - 7539, 6*h + x*p = 11962 - 2915. Is h composite?
True
Let n be 22/4 - 130/52. Suppose -9280 = -4*z - 5*r + 13352, -n*z - 4*r + 16973 = 0. Is z a prime number?
False
Let z(l) = -l**3 + 11*l**2 + l - 6. Let b be z(5). Suppose -b - 4 = -9*q. Suppose -q*y - 314 = -19*y. Is y prime?
True
Let a(f) = 36*f**2 - 12*f - 13. Let u be (-2 + 9/2)*126/(-35). Is a(u) composite?
False
Let z(m) = -m**2 - m + 631. Let t(y) = 2*y**3 + 10*y**2 + y + 1. Let h be t(-4). Let o = h - 29. Is z(o) composite?
False
Is 14850010/(-68)*(-1 + 4/(-4)) + 4 a composite number?
True
Suppose -35*m = -31*m - 435871 + 139363. Is m a composite number?
True
Let v be 9/(-18)*8/(-2). Let t(i) = 286*i**2 + i + 6. Let h be t(v). Is 3 + h - 4/1 prime?
True
Let b(f) = -2847*f - 4195. Is b(-64) composite?
True
Let a(r) = -27*r + 3. Let c be a(-2). Let y = c + -15. Suppose y - 129 = -b. Is b a prime number?
False
Let l = -454972 - -845961. Is l prime?
True
Suppose n + 92 = a - 3, 0 = -5*n + 2*a - 475. Let x = 95 + n. Is -10*((-453)/6 + x) a prime number?
False
Let z = -686729 - -1615140. Is z composite?
True
Suppose -7*x = -1112703 + 262833. Let l be x/24 + (-3)/(-12). Suppose l = v + 1266. Is v a composite number?
False
Suppose -5*m = 3*r - 40, 2*m - 6*r + 3*r - 16 = 0. Suppose 22 = m*f - 6*f. 